tor of 11245?
False
Does 19 divide 402?
False
Is 204 a multiple of 36?
False
Is 70840 a multiple of 385?
True
Is 88 a factor of 16192?
True
Is 12653 a multiple of 22?
False
Is 54390 a multiple of 15?
True
Is 50 a factor of 520?
False
Is 2573 a multiple of 31?
True
Is 2233 a multiple of 29?
True
Is 77595 a multiple of 15?
True
Does 13 divide 452?
False
Does 55 divide 1049?
False
Is 108 a factor of 14161?
False
Is 3 a factor of 1071?
True
Is 14079 a multiple of 19?
True
Is 69650 a multiple of 17?
False
Is 74228 a multiple of 308?
True
Is 52 a factor of 528?
False
Does 15 divide 258?
False
Does 8 divide 1430?
False
Is 24 a factor of 3360?
True
Does 3 divide 5068?
False
Is 4060 a multiple of 7?
True
Is 86 a factor of 8062?
False
Is 18352 a multiple of 124?
True
Does 91 divide 3822?
True
Does 459 divide 16524?
True
Is 20 a factor of 1940?
True
Is 1058 a multiple of 10?
False
Is 7 a factor of 287?
True
Is 7 a factor of 308?
True
Is 124159 a multiple of 43?
False
Does 4 divide 196?
True
Does 17 divide 15776?
True
Does 15 divide 3792?
False
Is 727 a multiple of 17?
False
Is 26785 a multiple of 55?
True
Is 960 a multiple of 16?
True
Is 1034 a multiple of 47?
True
Is 81303 a multiple of 41?
True
Does 13 divide 1058?
False
Is 30 a factor of 51287?
False
Is 126 a factor of 9198?
True
Is 45 a factor of 6750?
True
Is 30 a factor of 3810?
True
Is 26 a factor of 2054?
True
Is 906 a multiple of 12?
False
Is 267 a factor of 132601?
False
Is 39 a factor of 26286?
True
Is 1008 a multiple of 24?
True
Is 8 a factor of 920?
True
Does 66 divide 726?
True
Is 540 a multiple of 30?
True
Does 31 divide 14203?
False
Does 93 divide 3940?
False
Does 136 divide 5695?
False
Does 25 divide 4300?
True
Does 81 divide 16046?
False
Is 103 a factor of 56753?
True
Is 3983 a multiple of 7?
True
Is 18 a factor of 422?
False
Is 2490 a multiple of 6?
True
Is 868 a multiple of 26?
False
Does 13 divide 5278?
True
Does 29 divide 2501?
False
Does 3 divide 2226?
True
Does 4 divide 12677?
False
Is 8 a factor of 20884?
False
Is 3864 a multiple of 92?
True
Does 4 divide 824?
True
Is 11 a factor of 1650?
True
Is 2 a factor of 94?
True
Is 4440 a multiple of 148?
True
Does 35 divide 115137?
False
Does 48 divide 6575?
False
Is 1275 a multiple of 6?
False
Does 18 divide 32392?
False
Is 2904 a multiple of 44?
True
Is 3973 a multiple of 26?
False
Is 72 a factor of 3960?
True
Does 122 divide 610?
True
Is 2015 a multiple of 23?
False
Does 83 divide 3037?
False
Is 55048 a multiple of 18?
False
Is 9 a factor of 1764?
True
Is 43 a factor of 11150?
False
Does 9 divide 44?
False
Does 13 divide 1394?
False
Is 30987 a multiple of 33?
True
Is 536 a multiple of 67?
True
Is 3270 a multiple of 13?
False
Is 20 a factor of 500?
True
Does 11 divide 1993?
False
Does 225 divide 5542?
False
Is 35 a factor of 2555?
True
Is 3953 a multiple of 59?
True
Does 3 divide 6321?
True
Is 1833 a multiple of 47?
True
Is 5040 a multiple of 72?
True
Is 141 a multiple of 3?
True
Does 127 divide 1270?
True
Does 61 divide 84?
False
Does 13 divide 1612?
True
Is 34 a factor of 510?
True
Is 6 a factor of 46836?
True
Is 1420 a multiple of 10?
True
Does 64 divide 4864?
True
Does 171 divide 11220?
False
Is 96 a factor of 17663?
False
Is 105 a factor of 22045?
False
Does 60 divide 180?
True
Is 57209 a multiple of 19?
True
Does 4 divide 44?
True
Is 816 a multiple of 16?
True
Does 13 divide 507?
True
Does 13 divide 22971?
True
Is 51 a factor of 10142?
False
Does 17 divide 222?
False
Is 16 a factor of 1480?
False
Is 32 a factor of 10972?
False
Is 27744 a multiple of 48?
True
Is 4902 a multiple of 19?
True
Does 20 divide 1381?
False
Does 4 divide 23?
False
Is 6304 a multiple of 12?
False
Is 41 a factor of 272?
False
Is 7149 a multiple of 27?
False
Is 35 a factor of 560?
True
Is 590 a multiple of 118?
True
Is 13 a factor of 30156?
False
Is 33 a factor of 2409?
True
Does 43 divide 860?
True
Does 34 divide 853?
False
Is 5890 a multiple of 62?
True
Does 22 divide 48488?
True
Does 8 divide 1264?
True
Is 50 a multiple of 5?
True
Does 4 divide 83?
False
Is 958 a multiple of 13?
False
Is 396 a multiple of 11?
True
Does 31 divide 1794?
False
Is 139 a factor of 1251?
True
Does 26 divide 1512?
False
Does 4 divide 1152?
True
Is 8 a factor of 1715?
False
Does 10 divide 5893?
False
Is 93 a factor of 31899?
True
Does 7 divide 336?
True
Is 15057 a multiple of 15?
False
Is 434 a multiple of 11?
False
Is 15984 a multiple of 24?
True
Is 5 a factor of 120?
True
Does 48 divide 367?
False
Is 180 a multiple of 6?
True
Is 1917 a multiple of 16?
False
Is 8 a factor of 432?
True
Does 23 divide 484?
False
Does 18 divide 530?
False
Is 30914 a multiple of 25?
False
Does 51 divide 459?
True
Is 463 a multiple of 30?
False
Does 13 divide 1625?
True
Does 10 divide 18166?
False
Is 2107 a multiple of 49?
True
Is 1776 a multiple of 37?
True
Is 30 a factor of 7950?
True
Does 56 divide 65942?
False
Is 455 a multiple of 7?
True
Does 3 divide 1806?
True
Does 109 divide 654?
True
Is 17 a factor of 12152?
False
Is 94 a multiple of 3?
False
Is 12045 a multiple of 42?
False
Is 2240 a multiple of 28?
True
Does 6 divide 598?
False
Does 19 divide 10283?
False
Is 10 a factor of 450?
True
Does 17 divide 4069?
False
Is 22 a factor of 10343?
False
Is 86 a factor of 70986?
False
Does 75 divide 750?
True
Does 4 divide 17887?
False
Does 76 divide 1824?
True
Is 1590 a multiple of 6?
True
Is 372 a multiple of 27?
False
Does 89 divide 44455?
False
Is 31 a factor of 3301?
False
Is 69 a factor of 2202?
False
Is 4836 a multiple of 62?
True
Is 3 a factor of 1867?
False
Does 34 divide 2686?
True
Does 13 divide 16177?
False
Is 108234 a multiple of 228?
False
Does 13 divide 379?
False
Is 907 a multiple of 14?
False
Does 42 divide 4663?
False
Does 92 divide 4369?
False
Is 288 a multiple of 22?
False
Is 20 a factor of 1066?
False
Is 24248 a multiple of 56?
True
Does 3 divide 280?
False
Does 149 divide 992?
False
Is 5355 a multiple of 105?
True
Does 6 divide 372?
True
Is 103 a factor of 9682?
True
Does 14 divide 84?
True
Is 272 a factor of 53897?
False
Is 33 a factor of 5598?
False
Does 2 divide 7730?
True
Is 24 a factor of 3960?
True
Is 43225 a multiple of 35?
True
Is 851 a multiple of 37?
True
Is 1535 a multiple of 28?
False
Is 9540 a multiple of 30?
True
Is 28056 a multiple of 24?
True
Is 532 a multiple of 4?
True
Is 14 a factor of 182?
True
Is 40 a factor of 2240?
True
Is 588 a multiple of 28?
True
Does 16 divide 15632?
True
Is 22 a factor of 4071?
False
Is 45 a multiple of 9?
True
Is 16 a factor of 656?
True
Does 12 divide 21746?
False
Is 10 a factor of 990?
True
Is 15251 a multiple of 12?
False
Is 24 a factor of 504?
True
Is 20953 a multiple of 43?
False
Is 14 a factor of 22504?
False
Is 15864 a multiple of 325?
False
Is 27 a factor of 2086?
False
Is 111260 a multiple of 105?
False
Is 4315 a multiple of 41?
False
Is 15 a factor of 16551?
False
Does 14 divide 891?
False
Is 24467 a multiple of 202?
False
Is 22 a factor of 4349?
False
Is 3974 a multiple of 46?
False
Is 5669 a multiple of 181?
False
Is 2780 a multiple of 20?
True
Is 1648 a multiple of 72?
False
Is 18 a factor of 2214?
True
Is 7 a factor of 6195?
True
Is 23485 a multiple of 29?
False
Does 7 divide 35?
True
Does 223 divide 59764?
True
Does 18 divide 2503?
False
Is 2 a factor of 183?
False
Does 35 divide 44660?
True
Does 6 divide 5748?
True
Is 2583 a multiple of 19?
False
Is 209 even?
False
Is 480 a multiple of 20?
True
Is 5 a factor of 7?
False
Does 3 divide 11?
False
Is 1408 a multiple of 8?
True
Is 108 a factor of 11340?
True
Does 43 divide 517?
False
Is 252 a multiple of 13?
False
Is 6 a factor of 12834?
True
Is 1516 a multiple of 57?
False
Is 15 a factor of 1380?
True
Is 245 a factor of 8820?
True
Is 63 a multiple of 5?
False
Is 15857 a multiple of 157?
True
Is 232 a factor of 99296?
True
Is 19044 a multiple of 18?
True
Is 67 a factor of 67?
True
Is 51 a factor of 21657?
False
Is 1871 a multiple of 3?
False
Is 22 a factor of 432?
False
Is 3393 a multiple of 38?
False
Is 38612 a multiple of 28?
True
Does 32 divide 6521?
False
Is 258 a factor of 30410?
False
Is 4360 a multiple of 21?
False
Is 858 a multiple of 33?
True
Is 18193 a multiple of 23?
True
Is 2520 a multiple of 105?
True
Is 29867 a multiple of 7?
False
Is 39 a factor of 2897?
Fal